{"id":56,"date":"2023-04-17T15:56:52","date_gmt":"2023-04-17T15:56:52","guid":{"rendered":"http:\/\/www.kestovaippa.fi\/?page_id=56"},"modified":"2026-02-07T10:45:51","modified_gmt":"2026-02-07T08:45:51","slug":"kestovaipan-kaytto","status":"publish","type":"page","link":"https:\/\/www.ekorreshop.fi\/index.php\/kestovaipan-kaytto\/","title":{"rendered":"Kestovaipan k\u00e4ytt\u00f6"},"content":{"rendered":"\n<p>Kestovaippa puetaan lapselle kuin mik\u00e4 tahansa vaippa. Osassa on nepparit, osassa tarrat, osaa voi k\u00e4ytt\u00e4\u00e4 housuvaipan tapaan. <\/p>\n\n\n\n<p>Uusi tai kierr\u00e4tetty vaippa pest\u00e4\u00e4n ennen ensimm\u00e4ist\u00e4 k\u00e4ytt\u00f6kertaa 60 asteessa. <\/p>\n\n\n\n<p>Kuivuttuaan se puetaan lapselle, ja likaantunut heitet\u00e4\u00e4n pyykkikoriin odottamaan pesua.<\/p>\n\n\n\n<p>Klikkaa t\u00e4st\u00e4 eri sivuille: <a href=\"http:\/\/www.ekorreshop.fi\/index.php\/kestovaipan-kaytto\/kunto\/\" data-type=\"link\" data-id=\"www.ekorreshop.fi\/index.php\/kestovaipan-kaytto\/kunto\/\">vaipan kunto<\/a>; <a href=\"http:\/\/www.ekorreshop.fi\/index.php\/kestovaipan-kaytto\/pesu\/\">vaipan pesu<\/a>; <a href=\"http:\/\/www.ekorreshop.fi\/index.php\/hyvin-istuva-vaippa\/\" data-type=\"link\" data-id=\"www.ekorreshop.fi\/index.php\/hyvin-istuva-vaippa\/\">vaipan istuvuus<\/a>; ja <a href=\"http:\/\/www.ekorreshop.fi\/index.php\/kestovaipan-kaytto\/sailytys\/\">vaipan s\u00e4ilytys<\/a>. <\/p>\n\n\n\n<p>Vaipassa on useimmiten 1-3 osaa:<\/p>\n\n\n\n<ul class=\"wp-block-list\">\n<li>all-in-one eli kaikki yhdess\u00e4 paketissa <\/li>\n\n\n\n<li>all-in-two eli kuori plus vaihdettavat imuosat<\/li>\n\n\n\n<li>taskuvaippa eli vedenpit\u00e4v\u00e4 kuori ja sis\u00e4pinta, jotka muodostavat taskun. Taskun sis\u00e4\u00e4n tulee imuosa tai 2-3 imuosaa.<\/li>\n<\/ul>\n\n\n\n<p>Y\u00f6vaippoina suosittua on k\u00e4ytt\u00e4\u00e4 sis\u00e4vaippaa. Ekorreshop etsii parhaillaan miellytt\u00e4vi\u00e4 ja tehokkaita sis\u00e4vaippamerkkej\u00e4 oman varaston seuraajaksi.<\/p>\n\n\n\n<ul class=\"wp-block-list\">\n<li>sis\u00e4vaippa, joka on vaipan muotoinen, mutta ainoastaan m\u00e4rki\u00e4 osia; sen p\u00e4\u00e4lle puetaan kuori.<\/li>\n\n\n\n<li>kuorivaippa, joka on vain kosteussulku; sis\u00e4\u00e4n imuja, snap-in-one tai sis\u00e4vaippa.<\/li>\n\n\n\n<li>monipuolinen t\u00e4ytt\u00f6mahdollisuus tekee sen, ett\u00e4 kestovaippa y\u00f6ksi voi olla vauvan tai lapsen paras vaippa &#8211; tehoa voi itse lis\u00e4t\u00e4!<\/li>\n<\/ul>\n\n\n\n<figure class=\"wp-block-gallery has-nested-images columns-default is-cropped wp-block-gallery-1 is-layout-flex wp-block-gallery-is-layout-flex\">\n<figure class=\"wp-block-image size-large\"><img loading=\"lazy\" decoding=\"async\" width=\"1024\" height=\"426\" data-id=\"378\" src=\"https:\/\/www.ekorreshop.fi\/wp-content\/uploads\/2023\/05\/Brown-Modern-Grand-Opening-Document-A4footer-1024x426.png\" alt=\"\" class=\"wp-image-378\" srcset=\"https:\/\/www.ekorreshop.fi\/wp-content\/uploads\/2023\/05\/Brown-Modern-Grand-Opening-Document-A4footer-1024x426.png 1024w, https:\/\/www.ekorreshop.fi\/wp-content\/uploads\/2023\/05\/Brown-Modern-Grand-Opening-Document-A4footer-600x250.png 600w, https:\/\/www.ekorreshop.fi\/wp-content\/uploads\/2023\/05\/Brown-Modern-Grand-Opening-Document-A4footer-300x125.png 300w, https:\/\/www.ekorreshop.fi\/wp-content\/uploads\/2023\/05\/Brown-Modern-Grand-Opening-Document-A4footer-768x319.png 768w, https:\/\/www.ekorreshop.fi\/wp-content\/uploads\/2023\/05\/Brown-Modern-Grand-Opening-Document-A4footer.png 1414w\" sizes=\"auto, (max-width: 1024px) 100vw, 1024px\" \/><\/figure>\n<\/figure>\n","protected":false},"excerpt":{"rendered":"<p>Kestovaippa puetaan lapselle kuin mik\u00e4 tahansa vaippa. Osassa on nepparit, osassa tarrat, osaa voi k\u00e4ytt\u00e4\u00e4 housuvaipan tapaan. Uusi tai kierr\u00e4tetty vaippa pest\u00e4\u00e4n ennen ensimm\u00e4ist\u00e4 k\u00e4ytt\u00f6kertaa 60 asteessa. Kuivuttuaan se puetaan lapselle, ja likaantunut heitet\u00e4\u00e4n pyykkikoriin odottamaan pesua. Klikkaa t\u00e4st\u00e4 eri sivuille: vaipan kunto; vaipan pesu; vaipan istuvuus; ja vaipan s\u00e4ilytys. Vaipassa on useimmiten 1-3 osaa: [&hellip;]<\/p>\n","protected":false},"author":1,"featured_media":0,"parent":0,"menu_order":5,"comment_status":"closed","ping_status":"closed","template":"","meta":{"footnotes":""},"class_list":["post-56","page","type-page","status-publish","hentry"],"_links":{"self":[{"href":"https:\/\/www.ekorreshop.fi\/index.php\/wp-json\/wp\/v2\/pages\/56","targetHints":{"allow":["GET"]}}],"collection":[{"href":"https:\/\/www.ekorreshop.fi\/index.php\/wp-json\/wp\/v2\/pages"}],"about":[{"href":"https:\/\/www.ekorreshop.fi\/index.php\/wp-json\/wp\/v2\/types\/page"}],"author":[{"embeddable":true,"href":"https:\/\/www.ekorreshop.fi\/index.php\/wp-json\/wp\/v2\/users\/1"}],"replies":[{"embeddable":true,"href":"https:\/\/www.ekorreshop.fi\/index.php\/wp-json\/wp\/v2\/comments?post=56"}],"version-history":[{"count":12,"href":"https:\/\/www.ekorreshop.fi\/index.php\/wp-json\/wp\/v2\/pages\/56\/revisions"}],"predecessor-version":[{"id":829,"href":"https:\/\/www.ekorreshop.fi\/index.php\/wp-json\/wp\/v2\/pages\/56\/revisions\/829"}],"wp:attachment":[{"href":"https:\/\/www.ekorreshop.fi\/index.php\/wp-json\/wp\/v2\/media?parent=56"}],"curies":[{"name":"wp","href":"https:\/\/api.w.org\/{rel}","templated":true}]}}