{"id":898,"date":"2026-02-16T11:56:39","date_gmt":"2026-02-16T09:56:39","guid":{"rendered":"https:\/\/www.ekorreshop.fi\/?post_type=product&#038;p=898"},"modified":"2026-04-23T01:20:29","modified_gmt":"2026-04-22T22:20:29","slug":"kanto-froteinen-imu-all-in-one-tehoinen-imu-2","status":"publish","type":"product","link":"https:\/\/www.ekorreshop.fi\/index.php\/tuote\/kanto-froteinen-imu-all-in-one-tehoinen-imu-2\/","title":{"rendered":"Kanto froteinen imu (All-in-One tehoinen imu) 5kpl"},"content":{"rendered":"<p>Tehokasta luomupuuvillafroteeta, suomalainen tuote, imu on saman muotoinen ja yht\u00e4 tehokas noin 120-135ml asti eli sama, kuin All-in-One vaipassa.<\/p>\n<p>Suomalainen puuvillafrotee ja tehokas rakenne tekee sen, ett\u00e4 Kanto-imuja 1 tai 2 kpl on yll\u00e4tt\u00e4v\u00e4n tehokas, ja imev\u00e4 vaippa.<\/p>\n","protected":false},"excerpt":{"rendered":"<p>Tehokasta luomupuuvillafroteeta, suomalainen tuote, imu on saman muotoinen ja yht\u00e4 tehokas noin 120-135ml asti eli sama, kuin All-in-One vaipassa. Suomalainen puuvillafrotee ja tehokas rakenne tekee sen, ett\u00e4 Kanto-imuja 1 tai 2 kpl on yll\u00e4tt\u00e4v\u00e4n tehokas, ja imev\u00e4 vaippa.<\/p>\n","protected":false},"featured_media":724,"comment_status":"open","ping_status":"closed","template":"","meta":[],"product_brand":[],"product_cat":[57],"product_tag":[],"class_list":{"0":"post-898","1":"product","2":"type-product","3":"status-publish","4":"has-post-thumbnail","6":"product_cat-taskuvaippa-ja-all-in-one","8":"first","9":"instock","10":"taxable","11":"shipping-taxable","12":"purchasable","13":"product-type-simple"},"_links":{"self":[{"href":"https:\/\/www.ekorreshop.fi\/index.php\/wp-json\/wp\/v2\/product\/898","targetHints":{"allow":["GET"]}}],"collection":[{"href":"https:\/\/www.ekorreshop.fi\/index.php\/wp-json\/wp\/v2\/product"}],"about":[{"href":"https:\/\/www.ekorreshop.fi\/index.php\/wp-json\/wp\/v2\/types\/product"}],"replies":[{"embeddable":true,"href":"https:\/\/www.ekorreshop.fi\/index.php\/wp-json\/wp\/v2\/comments?post=898"}],"wp:featuredmedia":[{"embeddable":true,"href":"https:\/\/www.ekorreshop.fi\/index.php\/wp-json\/wp\/v2\/media\/724"}],"wp:attachment":[{"href":"https:\/\/www.ekorreshop.fi\/index.php\/wp-json\/wp\/v2\/media?parent=898"}],"wp:term":[{"taxonomy":"product_brand","embeddable":true,"href":"https:\/\/www.ekorreshop.fi\/index.php\/wp-json\/wp\/v2\/product_brand?post=898"},{"taxonomy":"product_cat","embeddable":true,"href":"https:\/\/www.ekorreshop.fi\/index.php\/wp-json\/wp\/v2\/product_cat?post=898"},{"taxonomy":"product_tag","embeddable":true,"href":"https:\/\/www.ekorreshop.fi\/index.php\/wp-json\/wp\/v2\/product_tag?post=898"}],"curies":[{"name":"wp","href":"https:\/\/api.w.org\/{rel}","templated":true}]}}